actors of 8/12*q/2?
29
Let j(t) = t**3 + 6*t**2 + 3*t - 8. Let l be j(-5). What are the prime factors of (1 + 24)*-6*(-1)/l?
3, 5
Suppose 0 = -4*f + 24 - 0. Let x be 14/(-4) + -2 - (-4)/(-8). List the prime factors of (4/x)/(f/(-225)).
5
Let j = 5 - 2. Suppose -8 = -j*t + 172. What are the prime factors of t?
2, 3, 5
Suppose 312*m = 318*m - 3822. List the prime factors of m.
7, 13
Let d(r) = r**2 - 6*r - 4. Let b be d(-4). Suppose -5*p = -2*n - 2 - b, -4*n - 4 = -p. List the prime factors of p.
2
Let r(n) = -6 - n - 2*n**2 + n + 6*n - 4*n - n**3. What are the prime factors of r(-5)?
59
Let s(w) = -w**3 + 10*w**2 - 9*w. Let l be s(9). Let f = 4 + l. Let c = 22 + f. List the prime factors of c.
2, 13
Suppose -5*m - 5*v = 0, 8 - 2 = -4*m - v. Let z be (-3 - m) + 4 + 0. Suppose 2*s - 13 = b + 16, z*b = -4*s + 33. What are the prime factors of s?
2, 3
What are the prime factors of -2 + 3906 + 31 + -23?
2, 3, 163
Let p(k) = -k**2 - 17*k - 6. Suppose 0 = -u - 4*x - 16, 3*u + 4*x + 1 = -39. What are the prime factors of p(u)?
2, 3
Suppose 0 = 3*o + 29 + 1. Let k(f) = 3*f**2 - 17*f - 7. Let w be k(6). What are the prime factors of o/8*28/w?
5, 7
Let c(k) = k**3 + k + 139. Let m be c(0). Let h = m - 64. What are the prime factors of h?
3, 5
List the prime factors of (-499 + -1)*(104/16 - 7).
2, 5
Suppose -906 = -2*q + 254. List the prime factors of q.
2, 5, 29
Suppose -2 + 4 = -m, 4*o = -5*m + 1078. Suppose y + 3*x - 81 = 0, 3*y + y = x + o. What are the prime factors of y?
3, 23
Let b be 1 - 5 - -4 - 132/(-1). Let s = -115 + b. What are the prime factors of s?
17
Suppose -2*b + 3*g + 14 + 18 = 0, 2*g - 61 = -5*b. Suppose d + 0*d = b. What are the prime factors of d?
13
Suppose 2*z = 4*z. Suppose 3*b + b = z. Suppose b = c - 0 - 14. What are the prime factors of c?
2, 7
Let i(l) be the third derivative of -7*l**4/8 - 13*l**3/3 - 28*l**2. List the prime factors of i(-8).
2, 71
Suppose -730 = -2*w + 476. What are the prime factors of w?
3, 67
Let w(j) = 16*j - 4. Let c = 6 + -2. Suppose -2 = s - c. List the prime factors of w(s).
2, 7
Suppose 426 = 13*v + 1479. What are the prime factors of ((-3)/(9/30))/(6/v)?
3, 5
Suppose 4*o - 1752 - 360 = 0. What are the prime factors of o?
2, 3, 11
Suppose 0 = 5*y + i - 45, 4*i + 4 = -0*y + 3*y. What are the prime factors of (2/6)/1*4824/y?
3, 67
Suppose -15*h + 258 = -9*h. What are the prime factors of h?
43
Let s(u) = u**2 + 12*u - 15. What are the prime factors of s(-14)?
13
Let g(r) = -2*r + 28. Let k be g(12). Suppose -3*p = -k*s + 326, 5*s - 170 = 3*s + 5*p. List the prime factors of s.
2, 5
Let s(n) = 14*n**2 + 12*n. Suppose -3*r + 3*x = -18, -4*r + 9 + 1 = 3*x. List the prime factors of s(r).
2, 17
Let c(y) = -y**3 - 18*y**2 - 25*y - 16. Let t be c(-17). Suppose 0*j + 3*j = t. What are the prime factors of j?
2, 5
Let b(x) be the second derivative of x**5/20 - x**4/12 + 7*x**3/6 - 3*x**2 - 10*x. List the prime factors of b(4).
2, 5, 7
Let c(m) be the first derivative of -m**3/3 - 5*m**2/2 + 10*m - 5. Let q be c(-7). What are the prime factors of (q/3)/((-8)/12)?
2
Let w be (-3)/(-2) - (-186)/4. Let q = 68 - w. List the prime factors of q.
2, 5
Let q be (-1)/(-3 - (-18)/4)*15. Let f be (4/(-5))/(12/(-5430)). List the prime factors of (-2)/10 - f/q.
2, 3
Let r(g) = -g**2 - 15*g + 17. Let p be r(-15). Let j(n) = 15*n - 40. List the prime factors of j(p).
5, 43
Suppose 9*f - 12*f + 21 = 0. Suppose 12*g - f*g - 175 = 0. Let n = 6 + g. List the prime factors of n.
41
Let u = 161 + -156. List the prime factors of -5 + 1674/10 - (-3)/u.
163
Let f(j) be the first derivative of 5*j**3/3 + 3*j**2/2 - 13. What are the prime factors of f(-3)?
2, 3
Suppose -262*f + 47566 = -228*f. What are the prime factors of f?
1399
Suppose 7*n - 156 = 544. Suppose 76 = 3*l + k, 4*k = -3*l - 21 + n. List the prime factors of l.
5
Let y(r) = 99*r. Let i be y(2). Let f = i - 68. Suppose -f = -7*z + 2*z. What are the prime factors of z?
2, 13
Suppose 2*s - s + o + 19 = 0, 100 = -4*s + 4*o. Let t = s + 30. List the prime factors of t.
2
Suppose -4*g + 5700 = 3*v, -110 = -v + 4*g + 1774. List the prime factors of v.
2, 3, 79
Let k be (6/5)/(3/40). Let t = 118 - 123. Let q = t + k. List the prime factors of q.
11
Let s(a) = 12*a + 14*a**2 + 6 + 4 + a**3 - 2 + 6. What are the prime factors of s(-13)?
3
Let n(t) = 33*t**3 - t. Let c be 5/6 + (-6)/(-36). Let h be n(c). Suppose 12*q - 8*q - h = 0. List the prime factors of q.
2
Suppose 5*r - 10 = 5*w, r + 6 = -3*w + 8*w. Suppose 4*k = b - 84, 0 = -r*b - b + 5*k + 360. List the prime factors of b.
2, 17
List the prime factors of (-2)/20 + (13059/90 - 2).
11, 13
Suppose 3*z - 2*z - 1 = 0. What are the prime factors of (-1 - -52) + z - 0?
2, 13
Let s(p) = -86*p. Let n be s(-1). Let o be (-6 - -3)*n/(-3). Suppose 2*u + 4 = o. What are the prime factors of u?
41
Suppose 45*v = 5*v + 1440. List the prime factors of v.
2, 3
Suppose 1 = q + 4. What are the prime factors of (-478)/(-8) - q/(-4)?
59
Let w(l) be the first derivative of l**3 + 5*l**2/2 - 11*l + 13. List the prime factors of w(7).
3, 19
Suppose -20 = z + 13. Let n = z + 166. List the prime factors of n.
7, 19
Let w = 89 + 134. List the prime factors of w.
223
Let s(i) = -i**2 - 8*i - 4. Let u be s(-7). Suppose -5*v + 99 = u*z - z, z + 5*v = 42. List the prime factors of z.
3, 19
Suppose -2*s - 2*s = -28. Let q be ((-2)/(-2))/(s/735). Suppose 10*k + q = 15*k. List the prime factors of k.
3, 7
Let f(t) = -t**2 - 3*t + 3. Let a be f(-3). Suppose w + 2*w - 27 = -g, 3*g + a*w - 69 = 0. What are the prime factors of g?
3, 7
Suppose -4*x + 19 = -5*h, 4*x = 3*x - 4. List the prime factors of 357/2 - h/((-84)/18).
3, 59
Let b = -190 + 103. Let x = b + 145. List the prime factors of x.
2, 29
Let t be 1 + 2 + -14 - 1. Let l be t/(-30) + 24/(-10). Let o(r) = -2*r**3 + r**2 - 2*r - 2. What are the prime factors of o(l)?
2, 11
Suppose 5*z - 22 - 13 = 0. Let b = -12 + z. List the prime factors of b*7*2/(-5).
2, 7
Suppose -h - 1711 = -5*z - 296, 5*h + 1415 = 5*z. List the prime factors of z.
283
Let r(z) be the second derivative of -5/3*z**3 + 0 - 2*z + z**2. List the prime factors of r(-4).
2, 3, 7
Let t be 27/2 + 12/(-8). Let d be (18/t)/((-6)/(-20)). Suppose 133 + 85 = d*c + 3*i, i + 96 = 2*c. What are the prime factors of c?
2, 23
Let t(r) = r + 2. Let y = -4 + 8. Let x be t(y). Suppose -x*v = -9*v + 9. What are the prime factors of v?
3
Let u = -18 + 20. Let m = 2 - u. Suppose m = -5*o + 120 + 65. List the prime factors of o.
37
Suppose 3*g + 3*w = -27, 5*w + 39 = -4*g + 2*w. Let a = g - -63. List the prime factors of a.
3, 17
Let k = -16 + 17. Let x(p) = 2*p**2 - p + 1. Let j be x(k). Let s = 9 - j. What are the prime factors of s?
7
Let d be ((-16)/20)/((-1)/(-5)). Let p(z) = -2*z - 5. Let f be p(d). Suppose 25 = c - f*v, c - 3*c - 3*v = -68. List the prime factors of c.
31
Let u = 75 - 76. What are the prime factors of (-1742)/(-39)*(2 - u)?
2, 67
Suppose 3*w = -15, c - 6*c = w - 10. Let o = 3 - c. Suppose -h - t + 6 = o, -h - 3*h + t = -39. List the prime factors of h.
3
Let y = -268 + 518. What are the prime factors of y?
2, 5
Let x(a) = -12*a - 2. Let b be x(-2). Suppose 344 = -18*z + b*z. What are the prime factors of z?
2, 43
Suppose 0*j - 5*j = 0. Suppose 0*u + 3*u - 216 = j. Suppose 0*f - u = -4*f. What are the prime factors of f?
2, 3
Suppose -36 + 12 = -6*x. Suppose 3*p = 5*o + 797, x*p = 3*o + 749 + 332. List the prime factors of p.
2, 137
Let a(h) = 5*h + 19 + h**3 + 0*h - 5*h + h. Suppose 0 = -2*d + d. List the prime factors of a(d).
19
Suppose -1245 - 1803 = -4*k. Let x = k + -533. What are the prime factors of x/4 - (-5)/(-20)?
3, 19
Let m(p) = -p + 68. Let i be m(0). Let f = -28 + i. What are the prime factors of f?
2, 5
Let d(v) = -35*v + 4. Let c = -3 + 2. What are the prime factors of d(c)?
3, 13
Suppose 4*w = 6*w. Suppose w*x = -6*x - 42. Let g(n) = -6*n + 2. List the prime factors of g(x).
2, 11
Let v(q) = -2*q + 1. Let y be v(-2). Suppose y*z = -257 + 77. Let o = -21 - z. What are the prime factors of o?
3, 5
Let o(i) = 9*i + 6. Suppose 0 = 4*a + 3*h - 19, -2*a - 6*h = -2*h - 12. Suppose 3*w + 4*f + 0 = 29, -5*w - a*f + 35 = 0. List the prime factors of o(w).
3, 11
Suppose 103*n - 1424 = 101*n. What are the prime factors of n